it of p?
1
What is the thousands digit of 54/24 + -3 + (-50222)/(-8)?
6
Suppose 0 = -b - 7*b + 3*b. Suppose b = -2*c - 0*c - 5*y - 27, 0 = -3*c - 4*y - 37. Let x(o) = o**3 + 11*o**2 + o + 14. What is the units digit of x(c)?
3
Suppose -460787 = -2008*j + 1996*j + 63757. What is the thousands digit of j?
3
Suppose -4*f + 69060 = 4*a, -7*f + 120891 = -14*a + 15*a. What is the thousands digit of f?
7
Let p = 73 - 156. Let n = p + 76. Let m(u) = -u**3 - 4*u**2 + 6*u - 10. What is the tens digit of m(n)?
9
Suppose -5*p - d = -0*p - 8688, 3*p - 3*d - 5220 = 0. What is the tens digit of p?
3
Let j = 13 - 10. Let p(q) = -q**j - 8*q**2 + q**3 - 3*q**3 - 1 - 14*q + 2*q**3. What is the units digit of p(-6)?
1
Suppose -4*w = 10 - 30. Suppose 4*g + 4*u - 60 = 8, -3*u = -w*g + 45. Suppose 15*n - g*n - 258 = 0. What is the units digit of n?
6
Let v(r) = -r**2 + 18*r + 25. Let b = 57 - 38. Let x be v(b). Suppose 0 = x*z - 807 - 183. What is the hundreds digit of z?
1
Let x = -243 + 518. Suppose x - 97 = 2*j. Let n = j + -52. What is the units digit of n?
7
Let u(o) = -o**2 + 10*o + 172. Let v be u(19). What is the hundreds digit of ((-114)/76)/(v - (-399)/(-398))?
5
Let p be 4/10 + (4944/30)/8. Suppose p*z - z = 21920. What is the hundreds digit of z?
0
Suppose 482249 - 1654805 = 5*p - 47*p. What is the ten thousands digit of p?
2
Let i be -10*((-4)/10 - 2221/10). Suppose 0*n - 5*n - 5*h = -i, 8 = 2*h. Suppose -5*q = -8*q + n. What is the hundreds digit of q?
1
Let v(f) = -3*f - 16. Let j be v(-7). Suppose -b - 4*m = 17, -4*m = j*b - 11 + 64. What is the hundreds digit of 1/3 + 3*(-632)/b?
2
Suppose -687*g + 5*d + 95655 = -684*g, -5*d + 159345 = 5*g. What is the tens digit of g?
7
Suppose -u - 6399 = -439. What is the tens digit of 5/3 + u/(-15)?
9
Suppose -11*j = -8*j - 177. Suppose -r + 4*v + j + 77 = 0, 340 = 3*r + 5*v. What is the units digit of r?
0
Suppose -i = -3*t + 702, 4*i + 4*t = 2*t - 2794. Let x = -487 - i. What is the units digit of x?
2
Suppose 0 = -8*n + 19 + 5. Suppose -n*g + 1053 = 2877. Let r = -406 - g. What is the tens digit of r?
0
Let d be -10 + 12 - (2 - (0 + 2)). Suppose 5*s + 0*w - 5*w - 170 = 0, 3*s - d*w = 99. What is the tens digit of s?
3
Suppose -j - 3*d + 70 + 4072 = 0, 0 = -5*j + 3*d + 20728. What is the units digit of j?
5
Let k = 88 - 141. Let u = k - -49. What is the units digit of ((-3)/(-30)*u)/(1/(-30))?
2
Suppose -20*c - 411 + 2131 = 0. Let q be (2 + -2)*1/2. Suppose 2*i = 2*k - 46, -4*k + q*k + i + c = 0. What is the tens digit of k?
2
Let b(c) = -c**2 + 31*c + 102. Let s be (3/(-3))/((-2)/(-54)*-1). What is the units digit of b(s)?
0
What is the ten thousands digit of (-40)/(-168)*54/45 + (-192720)/(-14)?
1
What is the units digit of 5814 + 4 - 1*(-1)/5*-5?
7
Let r = 190 - 177. Suppose -4*f + 14*b - r*b = -101, 3*f + 2*b - 62 = 0. What is the tens digit of f?
2
Suppose -2*f + 20 = 2*f. Let o = -22 + 25. Suppose 2*i = o*c - 395, f*c - 422 - 235 = 2*i. What is the units digit of c?
1
Suppose -3*c - 2*m = 155, 0 = -2*m - 0*m + 4. Let i = 23 - c. What is the tens digit of i?
7
What is the units digit of (-19)/((-247)/(-91))*(-1128)/7?
8
Let x = 106 - 101. Suppose 5*z - 632 - 358 = -x*q, -q - 602 = -3*z. What is the units digit of z?
0
What is the units digit of (-11)/(-88) + (-145524)/(-96)?
6
Let x(c) = -2*c**2 - 13. Let y be x(4). Let i = 50 + y. Suppose i*q - 145 = w, 0*q = q - 3*w - 43. What is the tens digit of q?
2
Let v = 29646 + -20198. What is the hundreds digit of v?
4
Suppose -4*n + 600 = -816. Suppose 2*g = 4*f - n - 212, 0 = -5*f - g + 697. What is the units digit of f?
0
Suppose -240*d + 2*y = -239*d - 6235, 0 = -4*d - 2*y + 24870. What is the units digit of d?
1
Let n be (-3)/(-5) - (-8)/(200/35). Let d be ((-5)/n)/((-25)/2150). Let x = d + -64. What is the units digit of x?
1
Suppose 3*r - 13*n + 12*n = 0, 0 = n + 3. What is the tens digit of 8392/18 - r - 4/18?
6
Let h be -1 + (3/6)/((-5)/(-560)). Let w = -52 + h. Suppose -5*x + 72 = k - 5, -5*x + w*k = -69. What is the tens digit of x?
1
Let c(j) = 48*j**2 + 4*j - 3. Suppose g = -5*m - 0 + 14, -4*m + 16 = 2*g. Suppose 6*f - 2*f - g = 0. What is the tens digit of c(f)?
4
Suppose -4*z + 6*z - c - 506 = 0, -3*z = c - 764. Let x = 82 + z. What is the tens digit of x?
3
Suppose -k = 5*n, 0 = -0*k - 4*k - 5*n. Suppose k = -3*x - 2*x + 30. What is the hundreds digit of 0 - ((-825)/x + 2/(-4))?
1
Let f = -914 - -829. Let i be (-3 + 2)*-1 + 26. Let t = i - f. What is the tens digit of t?
1
Suppose 0 = -u - 4*x + 12, 2*u - 6*x = -x - 15. Let n be 5 - 8 - (-122 + (-1 - u)). Suppose -4*s = -420 + n. What is the tens digit of s?
7
Suppose 3*y - 2*n - 1988 = 0, 5*y - 1999 = n + 1298. What is the hundreds digit of y?
6
Let q = 37 + -35. Suppose -4*u - h + 34 = 0, -5 = q*h - 1. What is the units digit of (u/((-18)/(-376)))/2?
4
Let y = -32 + 36. Suppose 2*r - 24 = -y*i, 5*r + 23 = 5*i + 4*r. Suppose a - 4*c - 103 - 58 = 0, 0 = -i*a + 3*c + 822. What is the hundreds digit of a?
1
Suppose 0 = -4*a + 2*x - x + 132, 2*a - 5*x - 66 = 0. Suppose 4*m - 219 = a. Suppose 2*q - m = q + 3*l, 2*l = -5*q + 298. What is the units digit of q?
0
Let t(a) = -3*a**2 + 160*a - 9. Let s(l) = -7*l**2 - 43*l + 1. Let z be s(-5). What is the hundreds digit of t(z)?
5
Let u be (-3)/4 + ((-1604)/16 - 0). Let n = 149 + u. What is the tens digit of n/(-40)*(-130)/3?
5
Suppose 4*g + 212256 = 9*s, -9*s - 3*g - 117927 = -14*s. What is the units digit of s?
0
Suppose -2*c - 4*d = -2054, 8 - 4 = 4*d. What is the thousands digit of c?
1
Let c(v) = 30*v - 9. Let n be c(4). Suppose -5*h - a = -n, 0*a + 40 = 2*h - 4*a. What is the units digit of 8 + -9 - (2 - h)?
9
Let d = -1889 + 6629. What is the units digit of d?
0
What is the units digit of (-211 - -212)/((-2)/(-17660))?
0
What is the units digit of (5/60 - (-74)/(-24)) + 8856?
3
Let o(d) = -d + 20. Let p be o(-9). Let u = 26 - p. Let s(b) = -44*b + 26. What is the tens digit of s(u)?
5
Suppose 3418 = 27*s - 119432. What is the thousands digit of s?
4
Suppose 10*n + 293 = -277. Let t = 150 + n. What is the units digit of t?
3
Let s(z) = -234*z - 705. What is the tens digit of s(-26)?
7
Let w(r) be the first derivative of 3*r**2/2 + 1285*r + 178. What is the thousands digit of w(0)?
1
Let n(k) = 28*k**2 + 56*k - 788. What is the ten thousands digit of n(52)?
7
Let w = 122 + -117. Suppose 0 = -w*d - 4*d + 495. What is the units digit of d?
5
Let d be (-1)/((-5)/(-2)) + 7174/85. Suppose -2*w = 2*j - 84, -3*w + 3*j + d = -w. Let r = w + -36. What is the units digit of r?
6
Suppose -3*x + 4*x - 30 = 0. Suppose x*c - 615 = 27*c. What is the tens digit of c?
0
Let d(g) = 53*g**2 + g - 3. Let a be d(1). What is the units digit of (-3 + a/12)/((-1)/(-68))?
5
Let j(h) be the first derivative of 14 + 0*h**2 + 3*h - 1/4*h**4 - 8/3*h**3. What is the tens digit of j(-9)?
8
Let k be (-434)/(-6) + 7/(-21). Let x = -38 + k. Suppose 0 = x*v - 39*v + 825. What is the tens digit of v?
6
Suppose -4*r = -z + 46, -3 - 3 = 3*r. Let y = z - 38. Suppose -2*m + 220 = 3*c, y*m = m - 4*c - 121. What is the hundreds digit of m?
1
Let q be ((-46)/6)/((10/(-18))/5). Let r = q - 85. Let v = r - -112. What is the tens digit of v?
9
Let z = -22 + 25. Suppose -4*h = 4*s - s - 1772, -4*s - z*h + 2351 = 0. Suppose -5*c = -9*c + s. What is the units digit of c?
6
Let d = 101 - 97. What is the tens digit of d/(-3) + (-47450)/(-78)?
0
Let m = -27119 - -48123. What is the units digit of m?
4
Let y be 2*(4 - (-10)/(-4)). Let h(u) = 3*u + 3*u + 0*u**2 - 5*u**2 + 5*u**3. What is the tens digit of h(y)?
0
Let x(z) = z**3 + 10*z**2 - 9*z - 13. Let m be x(-11). Let f be ((-150)/m - 0)*14. Let c = f - 11. What is the tens digit of c?
4
Let d = -15 + 35. Suppose 4734 + 8846 = d*z. What is the tens digit of z?
7
Let u(f) = f + 19. Let b be u(-11). Suppose 6 = 4*y - 2*x, 0 = 5*y - 2*x + 3 - b. Let p(l) = 134*l**2 - 2*l - 2. What is the tens digit of p(y)?
3
Let w(a) = 936*a - 544. What is the thousands digit of w(5)?
4
What is the tens digit of -12 + (-12)/((-132)/41855)?
9
Let x(k) = k**3 + 20*k**2 - 24*k - 37. Let f be x(-21). Suppose 9*z + 11084 = f*z. What is the units digit of z?
2
Let o(l) = 2*l - 13. Suppose 0*u + 36 = 4*u. Let h be o(u). Suppose p - 4*a + 454 = 6*p, -5*a = h*p - 450. What 